, 1697
What are the prime factors of 55153?
7, 7879
List the prime factors of 1195.
5, 239
List the prime factors of 2996.
2, 7, 107
What are the prime factors of 18192?
2, 3, 379
List the prime factors of 7148.
2, 1787
What are the prime factors of 7433?
7433
List the prime factors of 2740.
2, 5, 137
List the prime factors of 488.
2, 61
What are the prime factors of 15685?
5, 3137
List the prime factors of 132936.
2, 3, 29, 191
What are the prime factors of 2701?
37, 73
What are the prime factors of 1825?
5, 73
List the prime factors of 1107.
3, 41
List the prime factors of 11276.
2, 2819
What are the prime factors of 2220?
2, 3, 5, 37
List the prime factors of 25648.
2, 7, 229
List the prime factors of 289.
17
List the prime factors of 34214.
2, 17107
List the prime factors of 3970.
2, 5, 397
What are the prime factors of 2823?
3, 941
List the prime factors of 4302.
2, 3, 239
What are the prime factors of 41844?
2, 3, 11, 317
List the prime factors of 52026.
2, 3, 13, 23, 29
List the prime factors of 201973.
201973
What are the prime factors of 1534?
2, 13, 59
What are the prime factors of 1240?
2, 5, 31
What are the prime factors of 67114?
2, 23, 1459
What are the prime factors of 3591?
3, 7, 19
What are the prime factors of 2270?
2, 5, 227
List the prime factors of 6105.
3, 5, 11, 37
What are the prime factors of 2524?
2, 631
What are the prime factors of 2589?
3, 863
What are the prime factors of 3344?
2, 11, 19
List the prime factors of 3679.
13, 283
List the prime factors of 5055.
3, 5, 337
What are the prime factors of 2539?
2539
What are the prime factors of 202?
2, 101
What are the prime factors of 3935?
5, 787
List the prime factors of 73358.
2, 43, 853
What are the prime factors of 51091?
19, 2689
What are the prime factors of 1933?
1933
What are the prime factors of 32167?
19, 1693
List the prime factors of 9730.
2, 5, 7, 139
What are the prime factors of 2876?
2, 719
List the prime factors of 4635.
3, 5, 103
What are the prime factors of 2856?
2, 3, 7, 17
What are the prime factors of 1112?
2, 139
List the prime factors of 1350.
2, 3, 5
What are the prime factors of 5547?
3, 43
What are the prime factors of 1049?
1049
What are the prime factors of 8517?
3, 17, 167
List the prime factors of 13488.
2, 3, 281
List the prime factors of 1671.
3, 557
List the prime factors of 93033.
3, 10337
List the prime factors of 214.
2, 107
What are the prime factors of 956?
2, 239
What are the prime factors of 19482?
2, 3, 17, 191
List the prime factors of 15698.
2, 47, 167
What are the prime factors of 13879?
13879
List the prime factors of 1130.
2, 5, 113
What are the prime factors of 40120?
2, 5, 17, 59
List the prime factors of 5732.
2, 1433
What are the prime factors of 5753?
11, 523
List the prime factors of 302.
2, 151
What are the prime factors of 19043?
137, 139
List the prime factors of 10065.
3, 5, 11, 61
List the prime factors of 21134.
2, 10567
What are the prime factors of 88212?
2, 3, 7351
What are the prime factors of 13452?
2, 3, 19, 59
List the prime factors of 13056.
2, 3, 17
What are the prime factors of 27312?
2, 3, 569
What are the prime factors of 9263?
59, 157
List the prime factors of 41.
41
List the prime factors of 283.
283
List the prime factors of 4614.
2, 3, 769
List the prime factors of 305.
5, 61
What are the prime factors of 537?
3, 179
What are the prime factors of 10689?
3, 7, 509
List the prime factors of 10610.
2, 5, 1061
What are the prime factors of 876?
2, 3, 73
What are the prime factors of 26344?
2, 37, 89
List the prime factors of 172532.
2, 43133
What are the prime factors of 41727?
3, 7, 1987
What are the prime factors of 166?
2, 83
What are the prime factors of 4516?
2, 1129
What are the prime factors of 8318?
2, 4159
What are the prime factors of 1918?
2, 7, 137
What are the prime factors of 58267?
11, 5297
List the prime factors of 70154.
2, 7, 5011
List the prime factors of 1344.
2, 3, 7
What are the prime factors of 1290?
2, 3, 5, 43
List the prime factors of 634.
2, 317
What are the prime factors of 14907?
3, 4969
What are the prime factors of 59186?
2, 101, 293
What are the prime factors of 66357?
3, 73, 101
What are the prime factors of 1335?
3, 5, 89
List the prime factors of 62085.
3, 5, 4139
List the prime factors of 79251.
3, 26417
List the prime factors of 954.
2, 3, 53
List the prime factors of 1890.
2, 3, 5, 7
What are the prime factors of 24107?
24107
List the prime factors of 18387.
3, 227
List the prime factors of 1290.
2, 3, 5, 43
List the prime factors of 11094.
2, 3, 43
What are the prime factors of 3811?
37, 103
List the prime factors of 3747.
3, 1249
What are the prime factors of 2328?
2, 3, 97
List the prime factors of 91892.
2, 22973
What are the prime factors of 1027?
13, 79
What are the prime factors of 3151?
23, 137
List the prime factors of 367.
367
List the prime factors of 694.
2, 347
What are the prime factors of 2433?
3, 811
List the prime factors of 1015.
5, 7, 29
List the prime factors of 32573.
32573
List the prime factors of 3.
3
What are the prime factors of 1619?
1619
List the prime factors of 770.
2, 5, 7, 11
What are the prime factors of 1826?
2, 11, 83
What are the prime factors of 2433?
3, 811
List the prime factors of 91962.
2, 3, 13, 131
List the prime factors of 38391.
3, 67, 191
List the prime factors of 21207.
3, 7069
List the prime factors of 20178.
2, 3, 19, 59
What are the prime factors of 2374?
2, 1187
What are the prime factors of 14020?
2, 5, 701
List the prime factors of 69.
3, 23
List the prime factors of 2794.
2, 11, 127
What are the prime factors of 14407?
14407
What are the prime factors of 313?
313
List the prime factors of 3271.
3271
What are the prime factors of 29868?
2, 3, 19, 131
What are the prime factors of 3049?
3049
List the prime factors of 1119.
3, 373
List the prime factors of 7495.
5, 1499
List the prime factors of 3847.
3847
List the prime factors of 1974.
2, 3, 7, 47
What are the prime factors of 8913?
3, 2971
List the prime factors of 4885.
5, 977
What are the prime factors of 14175?
3, 5, 7
What are the prime factors of 79762?
2, 19, 2099
List the prime factors of 876.
2, 3, 73
List the prime factors of 13598.
2, 13, 523
List the prime factors of 47499.
3, 71, 223
List the prime factors of 1706.
2, 853
List the prime factors of 24043.
24043
List the prime factors of 429.
3, 11, 13
What are the prime factors of 6561?
3
What are the prime factors of 2950?
2, 5, 59
List the prime factors of 2886.
2, 3, 13, 37
List the prime factors of 1175.
5, 47
List the prime factors of 334.
2, 167
List the prime factors of 10636.
2, 2659
What are the prime factors of 88062?
2, 3, 13, 1129
What are the prime factors of 1482?
2, 3, 13, 19
List the prime factors of 19451.
53, 367
List the prime factors of 59011.
59011
List the prime factors of 1716.
2, 3, 11, 13
What are the prime factors of 108200?
2, 5, 541
What are the prime factors of 38731?
7, 11, 503
What are the prime factors of 1743?
3, 7, 83
List the prime factors of 1549.
1549
List the prime factors of 4808.
2, 601
List the prime factors of 1489.
1489
List the prime factors of 156459.
3, 52153
What are the prime factors of 18506?
2, 19, 487
What are the prime factors of 85687?
7, 12241
List the prime factors of 553.
7, 79
List the prime factors of 111463.
11, 10133
List the prime factors of 22269.
3, 13, 571
List the prime factors of 740.
2, 5, 37
List the prime factors of 1428.
2, 3, 7, 17
List the prime factors of 2552.
2, 11, 29
What are the prime factors of 110576?
2, 6911
What are the prime factors of 10120?
2, 5, 11, 23
What are the prime factors of 41302?
2, 107, 193
What are the prime factors of 2468?
2, 617
What are the prime factors of 8436?
2, 3, 19, 37
What are the prime factors of 26515?
5, 5303
What are the prime factors of 11552?
2, 19
What are the prime factors of 1506?
2, 3, 251
List the prime factors of 38857.
7, 13, 61
List the prime factors of 5886.
2, 3, 109
What are the prime factors of 5726?
2, 7, 409
What are the prime factors of 80830?
2, 5, 59, 137
List the prime factors of 13399.
13399
What are the prime factors of 13553?
13553
List the prime factors of 3428.
2, 857
What are the prime factors of 25807?
131, 197
List the prime factors of 9233.
7, 1319
What